{"id":39,"date":"2015-02-12T13:47:48","date_gmt":"2015-02-12T13:47:48","guid":{"rendered":"http:\/\/francoiserenaud.com\/terrainfragile\/?page_id=39"},"modified":"2016-12-01T12:54:29","modified_gmt":"2016-12-01T12:54:29","slug":"mes-ouvrages","status":"publish","type":"page","link":"https:\/\/francoiserenaud.com\/terrainfragile\/mes-ouvrages\/","title":{"rendered":"publications"},"content":{"rendered":"<p style=\"margin-top: 20px; font-size: 15px;\">(d\u00e9couvrir les ouvrages de Fran\u00e7oise Renaud en cliquant sur les couvertures)<\/p>\n<h2 style=\"margin-top: 40px;\"><strong>ROMANS, R\u00c9CITS<\/strong><\/h2>\n<p style=\"text-align: left;\"><a href=\"http:\/\/www.francoiserenaud.com\/bibliographie\/romans-recits\/ce-quelle-veut-dire\/\" target=\"_blank\"><img loading=\"lazy\" decoding=\"async\" class=\"alignnone wp-image-2179\" style=\"border: 1px solid black; margin: 0.5px;\" src=\"http:\/\/www.francoiserenaud.com\/wp-content\/uploads\/2014\/12\/1\u00e8re_couv-203x300.jpg\" alt=\"1\u00e8re de couv Ce qu'elle veut dire\" width=\"109\" height=\"154\" \/><\/a>\u00a0 <a title=\"INONDATION\" href=\"http:\/\/www.francoiserenaud.com\/\" target=\"_blank\"><img loading=\"lazy\" decoding=\"async\" class=\"alignnone wp-image-2140\" style=\"border: 1px solid black; margin: 0.5px;\" src=\"http:\/\/www.francoiserenaud.com\/wp-content\/uploads\/2014\/12\/INONDATION_1\u00e8recouv-639x1024.jpg\" alt=\" 1\u00e8re de couv INONDATION\" width=\"105\" height=\"160\" \/><\/a>\u00a0 <a title=\"PETITE MUSIQUE DES VIVANTS\" href=\"http:\/\/www.francoiserenaud.com\/bibliographie\/romans-recits\/petite-musique-des-vivants\/\" target=\"_blank\"><img loading=\"lazy\" decoding=\"async\" style=\"border: 1px solid black;\" src=\"http:\/\/www.francoiserenaud.com\/wp-content\/uploads\/2013\/04\/1\u00e8recouv_780k-172x300.jpg\" alt=\"couverture Petite Musique des vivants\" width=\"109\" height=\"173\" \/><\/a>\u00a0 <a title=\"AU-DEL\u00c0 DU BLANC \u2013 RICHARME (1904-1991)\" href=\"http:\/\/www.francoiserenaud.com\/?page_id=183\" target=\"_blank\"><img loading=\"lazy\" decoding=\"async\" style=\"border: 1px solid black;\" src=\"http:\/\/www.francoiserenaud.com\/wp-content\/uploads\/2013\/04\/02_16_couverture-750x1024.jpg\" alt=\" couverture Richarme\" width=\"114\" height=\"142\" \/><\/a>\u00a0 <a title=\"L\u2019AUTRE VERSANT DU MONDE\" href=\"http:\/\/www.francoiserenaud.com\/?page_id=137\" target=\"_blank\"><img loading=\"lazy\" decoding=\"async\" style=\"border: 1px solid black;\" src=\"http:\/\/www.francoiserenaud.com\/wp-content\/uploads\/2013\/03\/02_15_couverture-178x300.jpg\" alt=\"couverture L'Autre versant du monde\" width=\"109\" height=\"168\" \/><\/a>\u00a0 <a title=\"LE VOYAGEUR AU-DESSUS DE LA MER DE NUAGES\" href=\"http:\/\/www.francoiserenaud.com\/?page_id=207\" target=\"_blank\"><img loading=\"lazy\" decoding=\"async\" style=\"border: 1px solid black;\" src=\"http:\/\/www.francoiserenaud.com\/wp-content\/uploads\/2013\/03\/02_13_couverture1-218x300.jpg\" alt=\"couverture Le voyageur au-dessus de la mer de nuages\" width=\"119\" height=\"153\" \/><\/a><a title=\"LE REGARD DU P\u00c8RE\" href=\"http:\/\/www.francoiserenaud.com\/?page_id=151\" target=\"_blank\">\u00a0 <img loading=\"lazy\" decoding=\"async\" style=\"border: 1px solid black;\" src=\"http:\/\/www.francoiserenaud.com\/wp-content\/uploads\/2013\/03\/02_9_couverture-202x300.jpg\" alt=\" couverture Le Regard du p\u00e8re\" width=\"108\" height=\"155\" \/><\/a>\u00a0 <a title=\"L\u2019ENFANT DE MA M\u00c8RE\" href=\"http:\/\/www.francoiserenaud.com\/bibliographie\/romans-recits\/lenfant-de-ma-mere\/\" target=\"_blank\"><img loading=\"lazy\" decoding=\"async\" style=\"border: 1px solid black;\" src=\"http:\/\/www.francoiserenaud.com\/wp-content\/uploads\/2013\/04\/02_1_couverture-171x300.jpg\" alt=\"02_1_couverture\" width=\"109\" height=\"168\" \/><\/a>\u00a0 <a title=\"CR\u00c9ATURES DU FLEUVE\" href=\"http:\/\/www.francoiserenaud.com\/?page_id=238\" target=\"_blank\"><img loading=\"lazy\" decoding=\"async\" style=\"border: 1px solid black;\" src=\"http:\/\/www.francoiserenaud.com\/wp-content\/uploads\/2013\/03\/02_8_couverture-204x300.jpg\" alt=\"couverture Cr\u00e9atures du fleuve\" width=\"110\" height=\"155\" \/><\/a>\u00a0 <a title=\"SENTIERS NOMADES\" href=\"http:\/\/www.francoiserenaud.com\/?page_id=520\" target=\"_blank\"><img loading=\"lazy\" decoding=\"async\" style=\"border: 1px solid black;\" src=\"http:\/\/www.francoiserenaud.com\/wp-content\/uploads\/2013\/04\/couv-Sentiers-nomades-206x300.jpg\" alt=\"couverture Sentiers nomades\" width=\"111\" height=\"155\" \/><\/a><a title=\"ASSIS SUR LA FALAISE\" href=\"http:\/\/www.francoiserenaud.com\/bibliographie\/romans-recits\/assis-sur-la-falaise\/\" target=\"_blank\">\u00a0 <img loading=\"lazy\" decoding=\"async\" style=\"border: 1px solid black;\" src=\"http:\/\/www.francoiserenaud.com\/wp-content\/uploads\/2013\/04\/02_6_couverture1-176x300.jpg\" alt=\" couverture Assis sur la falaise\" width=\"116\" height=\"183\" \/><\/a>\u00a0 <a title=\"L\u2019HOMME D\u2019EN FACE\" href=\"http:\/\/www.francoiserenaud.com\/bibliographie\/romans-recits\/lhomme-den-face\/\" target=\"_blank\"><img loading=\"lazy\" decoding=\"async\" style=\"border: 1px solid black;\" src=\"http:\/\/www.francoiserenaud.com\/wp-content\/uploads\/2013\/04\/02_4_couverture-205x300.jpg\" alt=\"couverture L'homme d'en face\" width=\"109\" height=\"155\" \/><\/a><a title=\"AUJOURD\u2019HUI LA MER EST BLANCHE\" href=\"http:\/\/www.francoiserenaud.com\/bibliographie\/romans-recits\/aujourdhui-la-mer-est-blanche\/\" target=\"_blank\">\u00a0 <img loading=\"lazy\" decoding=\"async\" style=\"border: 1px solid black;\" src=\"http:\/\/www.francoiserenaud.com\/wp-content\/uploads\/2013\/04\/02_3_couverture-619x1024.jpg\" alt=\" couverture Aujourd'hui la mer est blanche\" width=\"99\" height=\"155\" \/><\/a>\u00a0 <a title=\"FEMMES DANS L\u2019HERBE\" href=\"http:\/\/www.francoiserenaud.com\/?page_id=623\" target=\"_blank\"><img loading=\"lazy\" decoding=\"async\" style=\"border: 1px solid black;\" src=\"http:\/\/www.francoiserenaud.com\/wp-content\/uploads\/2013\/04\/02_2_couverture-701x1024.jpg\" alt=\"couverture Femmes dans l'herbe\" width=\"115\" height=\"155\" \/><\/a><\/p>\n<h2 style=\"text-align: left;\"><strong>BEAUX LIVRES<\/strong><\/h2>\n<p style=\"text-align: left;\"><a href=\"http:\/\/www.francoiserenaud.com\/actualite\/a-paraitre-mai-2014\/\" target=\"_blank\"><img loading=\"lazy\" decoding=\"async\" style=\"border: 1px solid black;\" src=\"http:\/\/www.francoiserenaud.com\/wp-content\/uploads\/2013\/04\/COUV_COTE-DE-JADE_web1-300x272.jpg\" alt=\"1\u00e8re de couverture - L'emprise de l'oc\u00e9an\" width=\"182\" height=\"167\" \/><\/a>\u00a0 <a title=\"\u00c0 C\u00d4T\u00c9 D\u2019ELLES\" href=\"http:\/\/www.francoiserenaud.com\/?page_id=64\" target=\"_blank\"><img loading=\"lazy\" decoding=\"async\" style=\"border: 1px solid black;\" src=\"http:\/\/www.francoiserenaud.com\/wp-content\/uploads\/2013\/02\/1\u00e8recouv_ELLES-300x298.jpg\" alt=\"couverture A c\u00f4t\u00e9 d'elles\" width=\"142\" height=\"142\" \/><\/a>\u00a0 <a href=\"http:\/\/www.francoiserenaud.com\/bibliographie\/beaux-livres\/asie-figures-secretes\/\" target=\"_blank\"><img loading=\"lazy\" decoding=\"async\" style=\"border: 1px solid black;\" src=\"http:\/\/www.francoiserenaud.com\/wp-content\/uploads\/2013\/04\/02_11_couverture.jpg\" alt=\" 1\u00e8re de couverture - Asie figures secr\u00e8tes\" width=\"174\" height=\"167\" \/><\/a><\/p>\n<h2 style=\"text-align: left;\"><strong>ADOS &#8211; JEUNESSE<\/strong><\/h2>\n<p style=\"text-align: left;\"><a title=\"LA PEAU DE DINGO\" href=\"http:\/\/www.francoiserenaud.com\/?page_id=739\" target=\"_blank\"><img loading=\"lazy\" decoding=\"async\" style=\"border: 1px solid black;\" src=\"http:\/\/www.francoiserenaud.com\/wp-content\/uploads\/2013\/04\/02_10_couverture.jpg\" alt=\" couverture La Peau de dingo\" width=\"97\" height=\"155\" \/><\/a>\u00a0 <a title=\"LOL ET LA FASCINATION\" href=\"http:\/\/www.francoiserenaud.com\/?page_id=737\" target=\"_blank\"><img loading=\"lazy\" decoding=\"async\" class=\" \" style=\"border: 1px solid black;\" src=\"http:\/\/www.francoiserenaud.com\/wp-content\/uploads\/2013\/04\/1\u00e8reCouv-LOL-def-609x1024.jpg\" alt=\"couverture Lol et la fascination\" width=\"97\" height=\"155\" \/><\/a>\u00a0 <a title=\"LA PRINCESSE DE SAMBHAAR\" href=\"http:\/\/www.francoiserenaud.com\/?page_id=741\" target=\"_blank\"><img loading=\"lazy\" decoding=\"async\" style=\"border: 1px solid black;\" src=\"http:\/\/www.francoiserenaud.com\/wp-content\/uploads\/2013\/04\/02_14_couverture.jpg\" alt=\" couverture La Princesse de Sambhaar\" width=\"139\" height=\"133\" \/><\/a><\/p>\n<h2><strong>OUVRAGES DIVERS<\/strong><\/h2>\n<p><a title=\"M\u00c9MOIRE ENTRE MURS\" href=\"http:\/\/www.francoiserenaud.com\/?page_id=797\" target=\"_blank\"><img loading=\"lazy\" decoding=\"async\" style=\"border: 1px solid black;\" src=\"http:\/\/www.francoiserenaud.com\/wp-content\/uploads\/2013\/04\/02_7_couverture-722x1024.jpg\" alt=\"couverture M\u00e9moire entre murs\" width=\"114\" height=\"155\" \/><\/a>\u00a0 <a title=\"COLLECTION PETITES PROSES\" href=\"http:\/\/www.francoiserenaud.com\/?page_id=973\" target=\"_blank\"><img loading=\"lazy\" decoding=\"async\" class=\" \" style=\"border: 1px solid black;\" src=\"http:\/\/www.francoiserenaud.com\/wp-content\/uploads\/2013\/04\/ENVOYAGE_1ere-couv-629x1024.jpg\" alt=\"couverture En voyage\" width=\"90\" height=\"140\" \/><\/a>\u00a0 <a title=\"COLLECTION PETITES PROSES\" href=\"http:\/\/www.francoiserenaud.com\/?page_id=973\" target=\"_blank\"><img loading=\"lazy\" decoding=\"async\" class=\" \" style=\"border: 1px solid black;\" src=\"http:\/\/www.francoiserenaud.com\/wp-content\/uploads\/2013\/04\/ernesto_1\u00e8recouv-623x1024.jpg\" alt=\"couverture Histoire d'Ernesto Rios\" width=\"90\" height=\"140\" \/><\/a>\u00a0 <a title=\"COLLECTION PETITES PROSES\" href=\"http:\/\/www.francoiserenaud.com\/?page_id=973\" target=\"_blank\"><img loading=\"lazy\" decoding=\"async\" class=\" \" style=\"border: 1px solid black;\" src=\"http:\/\/www.francoiserenaud.com\/wp-content\/uploads\/2013\/04\/le-ciel-lumineux_1\u00e8recouv_230px.jpg\" alt=\"couverture Le ciel lumineux \" width=\"90\" height=\"140\" \/><\/a>\u00a0 <a title=\"MAI 68 \u2013 \u00c9CHOS DU LANGUEDOC\" href=\"http:\/\/www.francoiserenaud.com\/?page_id=1005\" target=\"_blank\"><img loading=\"lazy\" decoding=\"async\" class=\"wp-ima\" style=\"border: 1px solid black;\" src=\"http:\/\/www.francoiserenaud.com\/wp-content\/uploads\/2013\/04\/02_12_couverture-200x300.jpg\" alt=\"couverture Mai 68\" width=\"129\" height=\"171\" \/><\/a>\u00a0 <a href=\"http:\/\/www.francoiserenaud.com\/bibliographie\/divers\/les-choses-et-la-vie\/\" target=\"_blank\"><img loading=\"lazy\" decoding=\"async\" class=\"alignnone wp-image-1872\" style=\"border: 1px solid black; margin: 0.5px;\" src=\"http:\/\/www.francoiserenaud.com\/wp-content\/uploads\/2013\/04\/couv-Les-Choses-volume-1-223x300.jpg\" alt=\"couverture Les choses et la vie\" width=\"122\" height=\"159\" \/><\/a><\/p>\n<p>&nbsp;<\/p>\n","protected":false},"excerpt":{"rendered":"<p>(d\u00e9couvrir les ouvrages de Fran\u00e7oise Renaud en cliquant sur les couvertures) ROMANS, R\u00c9CITS \u00a0 \u00a0 \u00a0 \u00a0 \u00a0 \u00a0 \u00a0 \u00a0 \u00a0 \u00a0 \u00a0 \u00a0 \u00a0 BEAUX LIVRES \u00a0 \u00a0 ADOS &#8211; JEUNESSE \u00a0 \u00a0 OUVRAGES DIVERS \u00a0 \u00a0 \u00a0 \u00a0 \u00a0 &nbsp;<\/p>\n","protected":false},"author":1,"featured_media":0,"parent":0,"menu_order":1,"comment_status":"open","ping_status":"open","template":"","meta":{"inspiro_hide_title":false,"footnotes":""},"class_list":["post-39","page","type-page","status-publish","hentry"],"_links":{"self":[{"href":"https:\/\/francoiserenaud.com\/terrainfragile\/wp-json\/wp\/v2\/pages\/39","targetHints":{"allow":["GET"]}}],"collection":[{"href":"https:\/\/francoiserenaud.com\/terrainfragile\/wp-json\/wp\/v2\/pages"}],"about":[{"href":"https:\/\/francoiserenaud.com\/terrainfragile\/wp-json\/wp\/v2\/types\/page"}],"author":[{"embeddable":true,"href":"https:\/\/francoiserenaud.com\/terrainfragile\/wp-json\/wp\/v2\/users\/1"}],"replies":[{"embeddable":true,"href":"https:\/\/francoiserenaud.com\/terrainfragile\/wp-json\/wp\/v2\/comments?post=39"}],"version-history":[{"count":10,"href":"https:\/\/francoiserenaud.com\/terrainfragile\/wp-json\/wp\/v2\/pages\/39\/revisions"}],"predecessor-version":[{"id":933,"href":"https:\/\/francoiserenaud.com\/terrainfragile\/wp-json\/wp\/v2\/pages\/39\/revisions\/933"}],"wp:attachment":[{"href":"https:\/\/francoiserenaud.com\/terrainfragile\/wp-json\/wp\/v2\/media?parent=39"}],"curies":[{"name":"wp","href":"https:\/\/api.w.org\/{rel}","templated":true}]}}